 of 3018 + (-7 - (7 + -8))?
3
Let d = 11 - 9. Suppose -3*r = d*g - 4*g - 472, -464 = -3*r + 4*g. Suppose 2*x = -5*f + 117, -4*x + 4*f = -r - 60. What is the tens digit of x?
5
Let m = -5 + 5. Let c(q) = -q**2 - q + 16. What is the units digit of c(m)?
6
Let n = -12 + 49. Let r = n + -5. What is the tens digit of r?
3
Suppose 2*p = -0*p + 4, -2*p + 16 = 3*k. Suppose c - 4*j = 6, k = -4*j - 0*j. Suppose -c*o + 4*o = 60. What is the units digit of o?
0
Suppose -15*g + 7*g + 96 = 0. Suppose -7*t = -g*t + 225. What is the units digit of t?
5
Suppose -4*j + 22 = -6*z + z, 4*z + 2 = -2*j. Suppose -2*m - j*y + 96 = 0, y - 75 = -5*m + 165. What is the tens digit of m?
4
Suppose -4*h + d + 19 = 0, -3*h + 0*d = -2*d - 13. Suppose 5*y - 324 = -h*j - 89, -2*j + 4 = 0. What is the units digit of y?
5
Let c(h) = 32*h**2 - 18*h + 30. Let a(t) = 11*t**2 - 6*t + 10. Let l(s) = -17*a(s) + 6*c(s). Let o be l(5). What is the units digit of 28/5*o/14?
2
Let z(k) = -2*k**2 - 14*k + 17. Let s be z(-8). Let i(b) = 258*b**3 + 3*b**2 - b - 2. What is the units digit of i(s)?
8
Let j = 20 - 15. Suppose -3*d = -2*i - 114 - 144, 0 = -j*d + 2*i + 430. What is the tens digit of d?
8
Let v = 14 - 5. What is the tens digit of 785/v + (-10)/45?
8
Let a be (-2)/((30/(-9))/5). Suppose 4*p + a + 7 = b, 4*b - 3*p = 27. What is the tens digit of -7 + b + 18/1?
1
Let n = 9 + -9. Let b(c) = c**3 + c**2 - c + 40. What is the units digit of b(n)?
0
Let x = -537 + 575. What is the units digit of x?
8
Let w be 14/(-4)*(12 + -10). Let r(n) = -15*n. Let o be r(w). Let y = o - 75. What is the tens digit of y?
3
Let k(t) = 4*t**2 + t + 1. Let y be k(-1). Suppose 5*p = y*p + 12. What is the tens digit of (-18)/(0 - p/8)?
1
Suppose -2*m = 5 + 9. Let d(p) = -20*p**2 - 1 - p**3 - 7*p - 10*p**2 + 23*p**2. What is the tens digit of d(m)?
4
Let i be -33 + 1 + 15/20*-4. Let r = -8 - i. What is the units digit of r?
7
Suppose 31*b - 56 = 35*b. Let n(r) = -r**3 - 15*r**2 - 23*r - 32. What is the units digit of n(b)?
4
Suppose 571 + 314 = 3*j. What is the hundreds digit of j?
2
Let l = -4 + 6. Let u be l + (2 + -23)*-1. Let v = u + -15. What is the units digit of v?
8
Suppose 0 = -4*a - 3*z - 6, z + 0 + 2 = 5*a. Suppose a = -5*l + 4*k - k - 212, 5*l + k = -196. Let d = l + 71. What is the units digit of d?
1
Let t(m) be the second derivative of -m**3/6 + m**2/2 - 12*m. Let q(f) = -5*f - 8. Let a(u) = -q(u) + 3*t(u). What is the tens digit of a(13)?
3
Suppose 726 = -8*x + 2278. What is the units digit of x?
4
Suppose -69*r - 2*u = -64*r - 10951, 0 = -3*r - 3*u + 6576. What is the units digit of r?
9
What is the units digit of (21/(-30)*36)/((-28)/70)?
3
Let m(f) = -4*f**2 + f. Let h be m(-1). Let l(k) be the second derivative of k**4/12 + k**3/6 + k**2 + 28*k. What is the units digit of l(h)?
2
Let w(f) = 28*f**2 + 2*f - 2. Suppose 4*g = 2 + 2. What is the tens digit of w(g)?
2
Let y(v) = 6*v**3 - 2*v**2 + 4*v - 5. Let f be (2/(-5))/((-2)/10). What is the tens digit of y(f)?
4
Suppose 14*c - 13*c = -4*a + 2628, 2*c = -8. What is the tens digit of a?
5
Suppose -5*s + 6 = d, 3*d - 6*d = -5*s + 22. Suppose 0*a = 3*a + 9, 2 = 2*i + s*a. Suppose -78 = -i*w + 34. What is the units digit of w?
8
Suppose -4*j - 455 = -5*c, 5*j - c = -2*c - 605. Let s = 147 + j. What is the units digit of s?
7
Suppose 27*j = -2*k + 25*j + 5258, -5*k = -3*j - 13169. What is the units digit of k?
2
Let w(u) = -u**2 - 4*u - 1. Let g be w(-3). Suppose -3*i = -374 - 22. Suppose l - 2 - g = 0, -5*l = 4*t - i. What is the tens digit of t?
2
Let o(m) = m**3 + 2*m**2 + 1. Let h be o(2). Let l(u) = -u**3 + 4*u**2 + 5*u + 3. Let b be l(5). Let y = h + b. What is the units digit of y?
0
Let v = 5 + -5. Suppose v = -0*s - s + 5. Suppose -s*d - 4*p = -d - 108, -4*p = -4*d + 92. What is the units digit of d?
5
Let j(m) = -423*m - 48. What is the thousands digit of j(-5)?
2
Let z = 52 - -23. What is the tens digit of (-17)/(-5) - 30/z - -134?
3
Let j(h) = -2*h**3 - 5*h**2 + 20*h. What is the hundreds digit of j(-6)?
1
Suppose 0 = -40*q + 37*q - 183. Let x = 95 + q. What is the units digit of x?
4
Let b be 2/6 + (-26452)/12. What is the tens digit of b/(-28) + (-12)/(-42)?
7
Let w(z) = -445*z + 443*z + 0*z**2 - 4 + 4*z**2. What is the units digit of w(4)?
2
Suppose 32*u - 4023 = 23*u. What is the tens digit of u?
4
Let m(r) = -196*r - 44. Let d = 9 + -3. Let g(v) = 13*v + 3. Let q(a) = d*m(a) + 88*g(a). What is the units digit of q(-1)?
2
Let s(p) = p**3 - 8*p**2 - 3*p + 7. Let h be s(7). Let w = 15 - h. What is the units digit of w?
8
Let y(n) be the first derivative of -2*n**3/3 + 19*n**2/2 + 7*n + 35. What is the tens digit of y(8)?
3
Let s(v) = -273*v - 17. Let m be s(-4). What is the tens digit of m/35 + 10/35?
3
Let c(t) = -t**3 + 8*t**2 + 2*t + 11. Let u(p) = 2 - 5*p**2 + 12*p**3 + p - 11*p**3 + 1. Let m be u(5). What is the tens digit of c(m)?
2
Let v(l) be the second derivative of 14*l**3/3 + 21*l**2/2 - 18*l. What is the tens digit of v(4)?
3
Let a(g) = -17*g + 2. Let v be a(-5). Suppose m = -m - 3*u + v, -2 = 2*u. Suppose -4*c = c - m. What is the units digit of c?
9
Let x(i) = i**2 - 6*i + 5. Let p be x(5). Suppose 0 = 3*j - p*j - 6. Suppose 156 = j*c + 2*c. What is the tens digit of c?
3
Suppose -7*n + 4*u + 1697 = -6*n, 10 = -2*u. What is the units digit of n?
7
Let i(o) = -2*o + 8*o**2 + 12*o**3 + 12*o**3 - 7*o**2 + 1. Suppose -3*m = -4*m + 2*b - 3, m = -b + 3. What is the units digit of i(m)?
4
Let a = -34 + 36. Suppose -2*o - 2*o = 0. Suppose -y - 4*x + 9 = -a*y, 5*y - 3*x - 40 = o. What is the units digit of y?
1
Let o be (-40)/(-15) - 2/3. Suppose -o*t = 5*d - 16, -t + 1 = d - 10. What is the units digit of t?
3
Let s be 8/(-28) - 240/(-7). What is the units digit of (-3)/(-6)*-6 + s?
1
Let p be (0*(-3)/(-12))/(-1). Suppose 4*d - 223 + 39 = p. What is the tens digit of d?
4
Let t(p) = p**3 + 7*p**2 - 11*p - 1. Let i = -16 + 31. Suppose 0 = n + n + f + i, 4*n + 37 = 5*f. What is the tens digit of t(n)?
2
Suppose 7*g - 97 = 729. Let t = 11 + g. What is the hundreds digit of t?
1
Let f = 27 - 23. Suppose f*a = -a. Suppose a*m + m = 6. What is the units digit of m?
6
Let l = 51 - 47. Suppose 2*y - 2*p + 8 = 2*p, -39 = -l*y - 3*p. What is the units digit of y?
6
Suppose 0 = 5*k + 25, -197 - 253 = -l - 4*k. Suppose 0 = 3*x - a + 275, -l = 5*x - 7*a + 3*a. Let y = -58 - x. What is the units digit of y?
2
Suppose q = -3*b + 37, -29 + 4 = 5*q. Let m = 21 - b. What is the tens digit of 447/m + (-9)/(-63)?
6
Suppose -z - 4*p + 35 = 0, 0*z - 98 = -2*z - p. Suppose 0 = -d + 5*o + 5, o - 4*o = -3*d + z. What is the units digit of d?
0
Let u(o) = o**3 + 29*o**2 + 36*o - 27. Let g be u(-28). Let t = 406 + g. What is the tens digit of t?
5
Suppose -87 = 4*a + 129. What is the units digit of -1*a/(1 + 1)?
7
Let g(z) = -108*z - 268. What is the units digit of g(-8)?
6
Let n = -10 - -38. Let i = n - 25. Suppose -2*q + 42 = 2*j, 0 = -3*q - q - i*j + 88. What is the tens digit of q?
2
Let a = 20 - 12. Let p = 55 + a. What is the units digit of p?
3
Let i(v) = 659*v - 21. What is the thousands digit of i(2)?
1
What is the tens digit of ((-22)/4 + -1)/(10/(-3660))?
7
Suppose 0 = 5*n + 3*u - 95, n + 86 = 4*n - 4*u. What is the units digit of n?
2
Suppose -2 = x - 3*z + 5*z, 0 = x - 5*z - 26. Suppose 46 + x = 2*i. What is the tens digit of i?
2
Suppose -5*c + 3*u = -0*c + 1137, c + 5*u + 205 = 0. Let w = c + 320. What is the units digit of w?
5
Suppose -2*k = -10*k + 968. Suppose 5*p = 20, -5*i - 5*p = -6*p - k. What is the tens digit of i?
2
Let s(g) = g**2 + 2*g - 15. Let z be s(8). Suppose -4*u - z = -401. What is the units digit of u?
4
Let h be (-3)/4 + 1/(-4). Suppose 5*u = -2*n - 7, 3*n + 5 + 15 = 2*u. What is the tens digit of h/n + (-708)/(-72)?
1
Let p(h) = -h**3 - 13*h**2 - 7*h + 11. Let q be p(-10). Let k = -74 - q. What is the hundreds digit of k?
1
Let p be (43 + -45)/(1/(-7)*2). Suppose 14*r = p*r + 595. What is the tens digit of r?
8
Suppose 4*n + 4*v + 16 = 0, -2*n - 5*v - 20 = -n. Suppose n = -d + 5, 6*y - y + d + 145 = 0. What is the units digit of 30/(-9)*504/y?
6
Suppose -4 - 1 = -j. Let w(c) = -c**2 + 8*c**2 - j*c**2 - 14 + 11*c. What is the tens digit of w(-9)?
4
Suppose 0 = -3*j - 12*q + 9*q + 4539, 3040 = 2*j - 5*q. What is